eatest common divisor of n and 3.
1
Suppose -4*l - 470 = -9*l. Let r = -103636 - -103871. Calculate the highest common factor of r and l.
47
Let y be -7*(5 - 2012/28). Suppose 7*z - 3*z - y = 0. Let h = 141 - z. Calculate the greatest common factor of 168 and h.
24
Let s = -70 - -118. Let y(b) = -b**3 + 17*b**2 - 43*b + 207. Let x be y(15). What is the highest common divisor of x and s?
12
Let n = -1473 - -5859. Calculate the highest common factor of n and 102.
102
Let m(w) = 17*w**2 + 1. Let p = 124 - 63. Let u = -62 + p. Let q be m(u). What is the greatest common factor of 18 and q?
18
Suppose -147*t = l - 144*t - 169, 0 = -l + 2*t + 199. Calculate the highest common factor of 20009 and l.
187
Let r(c) be the second derivative of 1/2*c**3 - 5*c + 0 + c**2. Let o be r(2). What is the greatest common factor of o and 2?
2
Let u = -180 + 167. Let b = 15 + u. Calculate the highest common divisor of 1 and b.
1
Suppose 14*y - 6 - 22 = 0. Let p be y*(2/(-10))/((-2)/5). What is the greatest common divisor of 11 and p?
1
Let r = -81102 + 81107. Let p(v) = 4*v + 6. Let y be p(6). Calculate the greatest common factor of y and r.
5
Let q be (-3)/(-2) - (-6600)/16. Suppose -193 = 16*i - 1665. Calculate the highest common factor of q and i.
46
Suppose -1311*s = -654 - 16389. Let p be ((-2)/(-4))/(4/48). Suppose -2*j = 4*q - p, -j + 4*q + 7 = -26. Calculate the greatest common factor of j and s.
13
Let z = 3 - 1. Let c(o) = 10*o + 89. Let i be c(-9). Let l(p) = -p**3 + 3*p**2 - 2*p - 2. Let u be l(i). Calculate the highest common divisor of u and z.
2
Let h(m) = 4*m**2 - m - 8. Let x be h(-2). Let k be x*((-6)/5 - -2). Suppose -q + k*q = 140. Calculate the highest common divisor of 10 and q.
10
Suppose 0 = 3*d + 16 - 13. Let t(m) = -13*m**3 + 2*m + 1. Let p be t(d). Let z be p + -9 - -27*2. Calculate the greatest common factor of z and 19.
19
Let u be (-11)/(33/6)*-3. Suppose 2*j - u = 6. What is the greatest common divisor of 4 and j?
2
Let r be 0*(-1 + 2) + 1. Let h be r/(-4) - (-5719)/28. Let c be 7/(21/18) - (31 - 37). Calculate the highest common divisor of c and h.
12
Let y be 23/(-92) + 11/(-4). Let b be (-7 - -131) + y/(9/12). Calculate the highest common divisor of 24 and b.
24
Let w(j) = j**3 + 8*j**2 - 19*j + 7. Let u be w(-10). Let b be u/6*-34 - -2. What is the greatest common divisor of 38 and b?
19
Let u be (-2146)/(-2) - 396/44. Calculate the greatest common divisor of 399 and u.
133
Let j(n) = 15*n + 279. Let p be j(-22). Let t be (-8 + p/(-6))*1026. What is the highest common divisor of 19 and t?
19
Let l be 202 - ((29 - 15) + -20). What is the greatest common factor of 352 and l?
16
Let h(m) = -7*m - 10*m + 10*m + m**2 + 6 - m**3. Let w be h(0). Let d be 8/3*18/4. What is the greatest common factor of d and w?
6
Let c be 12/21 - 228/(-42). Let i be ((-10)/c)/(35/(-126)). Suppose i*p + 2*p = 608. What is the greatest common divisor of 19 and p?
19
Let x be (4 + -11)*(1077 + -3)/(-3). Calculate the highest common factor of 56 and x.
14
Suppose 6*k - 528 = -k + 5*k. Calculate the greatest common factor of k and 858.
66
Let p be 1276/(-87)*(-9)/4. What is the greatest common factor of p and 11154?
33
Let i be (-3)/(-1) + (8 - 6). Suppose 3*f - 205 = -4*y, 0*f = i*f - 4*y - 395. What is the highest common divisor of f and 50?
25
Let v(z) = -z**3 + 6*z**2 - 140*z + 550. Let b be v(4). Calculate the highest common divisor of 561 and b.
11
Let n = -23917 - -24053. Calculate the highest common divisor of 85 and n.
17
Let d be ((-1824)/(-798))/((-1)/(140/(-8))). Calculate the greatest common divisor of 31480 and d.
40
Let c(u) = -450*u + 2806. Let n be c(6). What is the highest common factor of n and 3975?
53
Suppose -3*q = 4*x - 168 + 56, -2*x = -q - 56. Calculate the greatest common factor of x and 2086.
14
Suppose -11*j + 4*v - 1 = -22, -v = -j. Calculate the greatest common divisor of 15 and j.
3
Let x be (4 + -36)*1/(3/(-12)). Let j = 272 - x. Let f(i) = 6*i - 6. Let n be f(4). Calculate the highest common factor of j and n.
18
Let m = -160 - -306. Let d = m - 134. Let r(f) = 32*f**2 - f + 2. Let g be r(-2). Calculate the highest common divisor of d and g.
12
Suppose 18*u - 110*u = 41*u - 6650. Calculate the greatest common factor of 4 and u.
2
Suppose 21 = -3*x, -3*x - 116 = -59*v + 54*v. Calculate the greatest common divisor of 5149 and v.
19
Suppose 5*a + 3 = -4*j, j + 7 = -3*a + 1. Suppose j*t + k - 26 = 0, 4*t + 3*k - 8 = 7*k. Let g be 56 + 2 + -4 + 2. What is the highest common factor of g and t?
7
Let m be (2 - 32)*(-2)/5. Suppose -37 = -5*s - 47. Let f = s + m. What is the greatest common divisor of 80 and f?
10
Let o be (1 + 0)/((-37)/(-518)). Suppose 1938 = 20*y - o*y. What is the greatest common factor of y and 19?
19
Let f(i) = 69*i + 1. Let o be f(1). Suppose 33 = 2*n + r - 23, 5*r = n - 28. What is the greatest common divisor of n and o?
14
Suppose 240 = 20*f + 28*f. Suppose -h - 4 + 6 = 0. Suppose h*x + 3 - 73 = -4*v, -3*v + f*x + 20 = 0. What is the highest common factor of v and 15?
15
Let p(q) = 104*q + 6056. Let s be p(-53). Calculate the greatest common divisor of 344 and s.
8
Suppose 0 = f + 71*o - 68*o - 773, 5*f = -5*o + 3805. Calculate the greatest common factor of f and 40.
5
Let q be (-53881763)/(-12661) + ((-6)/(-22))/(-2 - -3). What is the highest common divisor of 133 and q?
133
Suppose 4186 = 21*v - 1453 - 31. Calculate the greatest common divisor of 990 and v.
90
Let p = 272 - -9. Let z = 199 - p. Let o be 13 + (-4)/(-26) + z/26. Calculate the greatest common factor of 30 and o.
10
Suppose -y + 1568 = -l, -4*y + l - 1605 + 7883 = 0. Calculate the highest common factor of y and 10.
10
Suppose -6 = 5*k - 6*k - 2*r, 4*r + 12 = 4*k. Let n be 14/k - ((-165)/(-22))/15. What is the greatest common factor of n and 111?
3
Let y = 4631 - 4172. Calculate the highest common divisor of 351 and y.
27
Let c be ((-27)/15)/(7 + -4 - (-212)/(-70)). Calculate the greatest common factor of 18 and c.
9
Let m be 1 + 90/3 - (-6 + 4). Suppose -3*y - 236 = -2*o, -20*y = -7*o - 15*y + 837. Calculate the greatest common factor of m and o.
11
Suppose 368*q - 364*q - 72812 = t, -5*q + 5*t + 90985 = 0. What is the greatest common divisor of q and 110?
55
Suppose 2*g + 3*r - 21 = 6*r, -g - 3*r = 3. Let b(k) = 2*k**3 + 16*k**2 + 20*k - 4. Let q be b(-6). Calculate the highest common divisor of q and g.
2
Let k = 1612 - 1604. Calculate the highest common factor of k and 59.
1
Let r be 20/16 - ((-210)/(-24))/(-5). Suppose -3*g + 344 = -r*n + 5, 4*n = 5*g - 568. Calculate the greatest common factor of g and 4.
4
Suppose -17*a = -18632 + 14399. What is the highest common divisor of a and 83?
83
Suppose 533*h - 3*d + 684 = 538*h, -525 = -4*h + 5*d. What is the highest common divisor of h and 1185?
15
Let k(a) be the third derivative of -a**5/60 - 29*a**4/24 + 7*a**3/2 + 8*a**2 + 2. Let l be k(-17). What is the highest common factor of l and 9?
9
Let m(u) = 2*u + 63. Let h be m(-24). Let b = -157 + 163. Calculate the greatest common divisor of h and b.
3
Let o = -22 + 80. Let t be (1708/(-56) - 13)*(0 - (-8)/(-6)). What is the highest common divisor of o and t?
58
Let b be 830/2 + 6/2. Suppose -44 = -57*o + 53*o. Calculate the highest common factor of o and b.
11
Suppose -4*g - 2*j = -318, -16*g - 2*j - 72 = -17*g. Calculate the highest common divisor of g and 5746.
26
Suppose j - 12097 = -3*y, 5*y = 3*j - 842 + 20999. Calculate the highest common factor of y and 189.
63
Suppose 61*d = 60*d - 50. Let b be 40/d*-5*(-39)/(-2). Suppose -42 = -5*h + b. What is the greatest common factor of 84 and h?
12
Let i = 328 + -104. What is the highest common divisor of i and 49?
7
Suppose i - 119 + 478 = 0. Let a = i + 366. Suppose 30 = 3*t + 3*z, -5*t + 5*z + 32 = 4*z. Calculate the greatest common divisor of t and a.
7
Suppose -19*j - 23*j = -300300. Calculate the greatest common divisor of j and 33.
11
Let u(f) = 15*f - 1. Let t be u(1). Suppose 12*y + 14 + 46 = 0. Let p = 103 + y. What is the highest common divisor of t and p?
14
Let z be ((-140)/10 - -121)*101. Calculate the highest common divisor of 107 and z.
107
Let q = 3259 + -3253. What is the highest common factor of q and 732?
6
Let c be 20 - 0 - (1 + -3)*-1. Calculate the highest common factor of